31.
29
Calculate the remainder when 25 is divided by 6.
1
Calculate the remainder when 197 is divided by 9.
8
What is the remainder when 19 is divided by 11?
8
What is the remainder when 1952 is divided by 72?
8
What is the remainder when 287 is divided by 29?
26
What is the remainder when 383 is divided by 93?
11
What is the remainder when 838 is divided by 211?
205
What is the remainder when 816 is divided by 82?
78
What is the remainder when 121 is divided by 37?
10
Calculate the remainder when 298 is divided by 6.
4
Calculate the remainder when 3532 is divided by 57.
55
Calculate the remainder when 205 is divided by 40.
5
Calculate the remainder when 145 is divided by 60.
25
Calculate the remainder when 782 is divided by 16.
14
Calculate the remainder when 419 is divided by 153.
113
What is the remainder when 59 is divided by 25?
9
What is the remainder when 744 is divided by 187?
183
What is the remainder when 204 is divided by 52?
48
What is the remainder when 1320 is divided by 63?
60
Calculate the remainder when 149 is divided by 20.
9
Calculate the remainder when 167 is divided by 29.
22
What is the remainder when 110 is divided by 35?
5
What is the remainder when 56 is divided by 50?
6
Calculate the remainder when 608 is divided by 102.
98
What is the remainder when 2770 is divided by 17?
16
What is the remainder when 2729 is divided by 78?
77
Calculate the remainder when 421 is divided by 212.
209
What is the remainder when 2123 is divided by 4?
3
Calculate the remainder when 3095 is divided by 163.
161
What is the remainder when 196 is divided by 20?
16
Calculate the remainder when 418 is divided by 20.
18
Calculate the remainder when 36 is divided by 7.
1
Calculate the remainder when 5698 is divided by 25.
23
What is the remainder when 5079 is divided by 10?
9
What is the remainder when 215 is divided by 44?
39
Calculate the remainder when 21 is divided by 17.
4
Calculate the remainder when 241 is divided by 52.
33
What is the remainder when 4037 is divided by 45?
32
What is the remainder when 294 is divided by 11?
8
Calculate the remainder when 178 is divided by 4.
2
Calculate the remainder when 39 is divided by 32.
7
What is the remainder when 4378 is divided by 30?
28
What is the remainder when 150 is divided by 37?
2
Calculate the remainder when 1550 is divided by 22.
10
What is the remainder when 3037 is divided by 179?
173
Calculate the remainder when 134 is divided by 45.
44
What is the remainder when 420 is divided by 11?
2
Calculate the remainder when 772 is divided by 193.
0
What is the remainder when 136 is divided by 47?
42
Calculate the remainder when 597 is divided by 46.
45
Calculate the remainder when 352 is divided by 19.
10
What is the remainder when 947 is divided by 158?
157
What is the remainder when 114 is divided by 106?
8
Calculate the remainder when 63 is divided by 42.
21
Calculate the remainder when 630 is divided by 24.
6
Calculate the remainder when 92 is divided by 65.
27
Calculate the remainder when 727 is divided by 240.
7
Calculate the remainder when 2073 is divided by 19.
2
Calculate the remainder when 38 is divided by 16.
6
What is the remainder when 861 is divided by 54?
51
What is the remainder when 948 is divided by 28?
24
Calculate the remainder when 72 is divided by 39.
33
What is the remainder when 40 is divided by 12?
4
Calculate the remainder when 74 is divided by 21.
11
Calculate the remainder when 341 is divided by 50.
41
What is the remainder when 832 is divided by 49?
48
Calculate the remainder when 10567 is divided by 13.
11
What is the remainder when 1998 is divided by 50?
48
Calculate the remainder when 100 is divided by 30.
10
What is the remainder when 33 is divided by 19?
14
Calculate the remainder when 296 is divided by 102.
92
Calculate the remainder when 8466 is divided by 29.
27
What is the remainder when 656 is divided by 66?
62
What is the remainder when 39083 is divided by 12?
11
What is the remainder when 37 is divided by 13?
11
Calculate the remainder when 588 is divided by 37.
33
Calculate the remainder when 553 is divided by 80.
73
What is the remainder when 282 is divided by 36?
30
What is the remainder when 1246 is divided by 156?
154
Calculate the remainder when 161 is divided by 21.
14
What is the remainder when 202 is divided by 34?
32
What is the remainder when 1178 is divided by 131?
130
Calculate the remainder when 745 is divided by 37.
5
Calculate the remainder when 103 is divided by 54.
49
Calculate the remainder when 729 is divided by 122.
119
What is the remainder when 215 is divided by 27?
26
What is the remainder when 12974 is divided by 126?
122
Calculate the remainder when 106 is divided by 59.
47
Calculate the remainder when 566 is divided by 5.
1
What is the remainder when 111 is divided by 49?
13
What is the remainder when 1620 is divided by 181?
172
Calculate the remainder when 1940 is divided by 637.
29
What is the remainder when 686 is divided by 13?
10
What is the remainder when 1707 is divided by 255?
177
Calculate the remainder when 950 is divided by 200.
150
What is the remainder when 3572 is divided by 17?
2
What is the remainder when 8502 is divided by 266?
256
What is the remainder when 647 is divided by 12?
11
Calculate the remainder when 690 is divided by 63.
60
What is the remainder when 113 is divided by 29?
26
Calculate the remainder when 531 is divided by 89.
86
Calculate the remainder when 2161 is divided by 153.
19
Calculate the remainder when 175 is divided by 46.
37
What is the remainder when 1219 is divided by 6?
1
Calculate the remainder when 9172 is divided by 68.
60
Calculate the remainder when 1083 is divided by 84.
75
Calculate the remainder when 1435 is divided by 29.
14
What is the remainder when 7319 is divided by 24?
23
Calculate the remainder when 305 is divided by 6.
5
What is the remainder when 24 is divided by 10?
4
What is the remainder when 218 is divided by 59?
41
What is the remainder when 59 is divided by 31?
28
What is the remainder when 1769 is divided by 148?
141
What is the remainder when 107 is divided by 37?
33
What is the remainder when 549 is divided by 56?
45
What is the remainder when 87 is divided by 10?
7
Calculate the remainder when 308 is divided by 80.
68
Calculate the remainder when 771 is divided by 2.
1
Calculate the remainder when 757 is divided by 282.
193
Calculate the remainder when 5404 is divided by 82.
74
What is the remainder when 35 is divided by 28?
7
Calculate the remainder when 759 is divided by 127.
124
Calculate the remainder when 327 is divided by 153.
21
Calculate the remainder when 50 is divided by 17.
16
What is the remainder when 31 is divided by 4?
3
What is the remainder when 117 is divided by 19?
3
Calculate the remainder when 192 is divided by 53.
33
Calculate the remainder when 909 is divided by 75.
9
Calculate the remainder when 705 is divided by 17.
8
What is the remainder when 1272 is divided by 13?
11
What is the remainder when 1043 is divided by 344?
11
What is the remainder when 559 is divided by 47?
42
Calculate the remainder when 1810 is divided by 49.
46
What is the remainder when 669 is divided by 119?
74
What is the remainder when 298 is divided by 50?
48
Calculate the remainder when 122 is divided by 43.
36
Calculate the remainder when 94 is divided by 81.
13
Calculate the remainder when 225 is divided by 43.
10
Calculate the remainder when 85 is divided by 15.
10
Calculate the remainder when 1077 is divided by 216.
213
Calculate the remainder when 412 is divided by 61.
46
Calculate the remainder when 228 is divided by 74.
6
What is the remainder when 16620 is divided by 9?
6
Calculate the remainder when 457 is divided by 57.
1
Calculate the remainder when 276 is divided by 47.
41
Calculate the remainder when 101 is divided by 22.
13
What is the remainder when 34 is divided by 23?
11
What is the remainder when 4753 is divided by 82?
79
What is the remainder when 1051 is divided by 505?
41
What is the remainder when 672 is divided by 75?
72
What is the remainder when 583 is divided by 80?
23
Calculate the remainder when 5652 is divided by 11.
9
Calculate the remainder when 56 is divided by 20.
16
Calculate the remainder when 419 is divided by 134.
17
Wha